{"id":1717,"date":"2018-06-23T12:15:33","date_gmt":"2018-06-23T11:15:33","guid":{"rendered":"http:\/\/www.farnostliskovec.cz\/?page_id=1717"},"modified":"2025-02-16T11:37:27","modified_gmt":"2025-02-16T10:37:27","slug":"spolecenstvi","status":"publish","type":"page","link":"https:\/\/www.farnostliskovec.cz\/?page_id=1717","title":{"rendered":"Spole\u010denstv\u00ed"},"content":{"rendered":"<div id=\"pl-gb1717-69e77d49f065a\"  class=\"panel-layout wp-block-siteorigin-panels-layout-block\" ><div id=\"pg-gb1717-69e77d49f065a-0\"  class=\"panel-grid panel-no-style\" ><div id=\"pgc-gb1717-69e77d49f065a-0-0\"  class=\"panel-grid-cell\" ><div id=\"panel-gb1717-69e77d49f065a-0-0-0\" class=\"so-panel widget widget_sow-accordion panel-first-child panel-last-child\" data-index=\"0\" ><div\n\t\t\t\n\t\t\tclass=\"so-widget-sow-accordion so-widget-sow-accordion-default-02f7d89c2541-1717\"\n\t\t\t\n\t\t><div>\n\t<div class=\"sow-accordion\">\n\t\t\t<div class=\"sow-accordion-panel\n\t\t\t\t\t\"\n\t\t\t\tdata-anchor-id=\"pastoracni-rada-farnosti\">\n\t\t\t\t\t<div class=\"sow-accordion-panel-header-container\" role=\"heading\" aria-level=\"2\">\n\t\t\t\t\t<div class=\"sow-accordion-panel-header\" tabindex=\"0\" role=\"button\" id=\"accordion-label-pastora%c4%8dn%c3%ad-rada-farnosti\" aria-controls=\"accordion-content-pastora%c4%8dn%c3%ad-rada-farnosti\" aria-expanded=\"false\">\n\t\t\t\t\t\t<div class=\"sow-accordion-title sow-accordion-title-icon-left\">\n\t\t\t\t\t\t\t\t\t\t\t\t\t\tPASTORA\u010cN\u00cd RADA FARNOSTI\t\t\t\t\t\t\t\t\t\t\t\t\t<\/div>\n\t\t\t\t\t\t<div class=\"sow-accordion-open-close-button\">\n\t\t\t\t\t\t\t<div class=\"sow-accordion-open-button\">\n\t\t\t\t\t\t\t\t<span class=\"sow-icon-ionicons\" data-sow-icon=\"&#xf218;\"\n\t\t \n\t\taria-hidden=\"true\"><\/span>\t\t\t\t\t\t\t<\/div>\n\t\t\t\t\t\t\t<div class=\"sow-accordion-close-button\">\n\t\t\t\t\t\t\t\t<span class=\"sow-icon-ionicons\" data-sow-icon=\"&#xf209;\"\n\t\t \n\t\taria-hidden=\"true\"><\/span>\t\t\t\t\t\t\t<\/div>\n\t\t\t\t\t\t<\/div>\n\t\t\t\t\t<\/div>\n\t\t\t\t<\/div>\n\n\t\t\t<div\n\t\t\t\tclass=\"sow-accordion-panel-content\"\n\t\t\t\trole=\"region\"\n\t\t\t\taria-labelledby=\"accordion-label-pastora%c4%8dn%c3%ad-rada-farnosti\"\n\t\t\t\tid=\"accordion-content-pastora%c4%8dn%c3%ad-rada-farnosti\"\n\t\t\t\tstyle=\"display: none;\"\t\t\t>\n\t\t\t\t<div class=\"sow-accordion-panel-border\">\n\t\t\t\t\t<p>V sou\u010dasn\u00e9 dob\u011b ji tvo\u0159\u00ed: o. Petr Ko\u0161uli\u010d, Rudolf Chaloupka, Zuzana B\u011bhalov\u00e1, Ludmila \u010cern\u00e1, Ji\u0159\u00ed Chaloupka, Jana Chytkov\u00e1, Helena Kalouskov\u00e1, Milan K\u0159\u00ed\u017e, Petr Novotn\u00fd, Marek Posp\u00ed\u0161il, Vojt\u011bch \u0160majer, V\u00e1clav Vinkler.<\/p>\n<p><a href=\"https:\/\/www.farnostliskovec.cz\/wp-content\/uploads\/2022\/05\/2022_Clenove_PR.pdf\" target=\"_blank\" rel=\"noopener\">Seznam \u010dlen\u016f pastora\u010dn\u00ed rady 2022-2026<\/a><\/p>\n<p>Pastora\u010dn\u00ed rada farnosti je poradn\u00edm a pracovn\u00edm sborem far\u00e1\u0159e. Spolupracuje s far\u00e1\u0159em p\u0159i vytv\u00e1\u0159en\u00ed farn\u00ed obce tak, aby byla \u017eiv\u00fdm spole\u010denstv\u00edm v\u011b\u0159\u00edc\u00edch podle slov: \u201eObec v\u011b\u0159\u00edc\u00edch m\u011bla jedno srdce a jednu du\u0161i\u201c (Skutky apo\u0161tol\u016f 4,32).<\/p>\n<p>Na z\u00e1klad\u011b povinnosti v\u011b\u0159\u00edc\u00edch pod\u00edlet se na u\u010ditelsk\u00e9m, past\u00fd\u0159sk\u00e9m a kn\u011b\u017esk\u00e9m \u00fa\u0159ad\u011b (v\u0161eobecn\u00e9 kn\u011b\u017estv\u00ed) nese pastora\u010dn\u00ed rada spoluzodpov\u011bdnost za \u0161\u00ed\u0159en\u00ed poselstv\u00ed sp\u00e1sy a prom\u011bnu pozemsk\u00e9ho \u0159\u00e1du duchem evangelia podle Kristova p\u0159\u00edkazu: \u201eBudete mi sv\u011bdky\u201c (Skt 1,8). Aby mohli plnit sv\u00e9 \u00fakoly, sna\u017e\u00ed se v\u0161ichni \u010dlenov\u00e9 pastora\u010dn\u00ed rady spolu se sv\u00fdmi past\u00fd\u0159i o svou duchovn\u00ed formaci, dal\u0161\u00ed n\u00e1bo\u017eensk\u00e9 vzd\u011bl\u00e1v\u00e1n\u00ed a o celkov\u00fd rozvoj vlastn\u00ed osobnosti. \u00dakolem pastora\u010dn\u00ed rady je spolu s far\u00e1\u0159em posuzovat ot\u00e1zky t\u00fdkaj\u00edc\u00ed se farnosti, radit se o nich, nal\u00e9zat mo\u017enosti \u0159e\u0161en\u00ed, usn\u00e1\u0161et se na opat\u0159en\u00edch, poskytovat sou\u010dinnost p\u0159i realizaci, nebo je p\u0159\u00edmo realizovat. Na z\u00e1klad\u011b znalosti situace farnosti pod\u00edlet se na vytv\u00e1\u0159en\u00ed pastora\u010dn\u00edho programu.<\/p>\n<p>K \u00fakol\u016fm pastora\u010dn\u00ed rady n\u00e1le\u017e\u00ed p\u0159edev\u0161\u00edm:<\/p>\n<ul>\n<li>Probouzet a prohlubovat v\u011bdom\u00ed spoluzodpov\u011bdnosti za farn\u00ed spole\u010denstv\u00ed a o\u017eivovat spolupr\u00e1ci \u010dlen\u016f.<\/li>\n<li>Z\u00edsk\u00e1vat a p\u0159ipravovat \u010dleny farn\u00edho spole\u010denstv\u00ed pro slu\u017ebu p\u0159ed\u00e1v\u00e1n\u00ed v\u00edry a jej\u00edho prohlubov\u00e1n\u00ed.<\/li>\n<li>P\u0159in\u00e1\u0161et podn\u011bty a n\u00e1vrhy pro p\u0159\u00edpravu a slaven\u00ed bohoslu\u017eeb a pro \u017eivou \u00fa\u010dast cel\u00e9ho farn\u00edho spole\u010denstv\u00ed na liturgii.<\/li>\n<li>Podporovat slu\u017ebu v charitativn\u00ed a soci\u00e1ln\u00ed oblasti a spolupracovat s m\u00edstn\u00ed charitou.<\/li>\n<li>Vid\u011bt zvl\u00e1\u0161tn\u00ed \u017eivotn\u00ed situaci r\u016fzn\u00fdch skupin farn\u00edho spole\u010denstv\u00ed a hledat \u00fa\u010dinnou pastora\u010dn\u00ed a charitativn\u00ed pomoc v jejich pot\u0159eb\u00e1ch.<\/li>\n<li>Sledovat a prom\u00fd\u0161let spole\u010densk\u00fd a politick\u00fd v\u00fdvoj s jeho probl\u00e9my, p\u0159in\u00e1\u0161et vhodn\u00e9 n\u00e1vrhy k jejich \u0159e\u0161en\u00ed, p\u0159ij\u00edmat odpov\u00eddaj\u00edc\u00ed opat\u0159en\u00ed a prov\u00e1d\u011bt je.<\/li>\n<li>Koordinovat vzd\u011bl\u00e1vac\u00ed \u010dinnost ve farnosti, p\u0159\u00edpadn\u011b ji i prov\u00e1d\u011bt.<\/li>\n<li>Zastupovat z\u00e1jmy a pot\u0159eby farnosti na ve\u0159ejnosti.<\/li>\n<li>Probouzet a posilovat odpov\u011bdnost farnosti za misie, za m\u00edr a rozvoj pozitivn\u00edch hodnot ve sv\u011bt\u011b.<\/li>\n<li>Hledat p\u0159\u00edstup k t\u011bm, kte\u0159\u00ed jsou vzd\u00e1leni \u017eivotu farn\u00edho spole\u010denstv\u00ed.<\/li>\n<li>Pravideln\u011b informovat farn\u00ed spole\u010denstv\u00ed p\u00edsemn\u011b i \u00fastn\u011b o pr\u00e1ci a probl\u00e9mech ve farnosti.<\/li>\n<li>Spole\u010dn\u00fdmi \u00fakoly a akcemi posilovat v\u011bdom\u00ed spole\u010denstv\u00ed.<\/li>\n<li>V n\u00e1vaznosti na pastora\u010dn\u00ed program ur\u010dit po\u0159ad\u00ed \u00fakol\u016f, kter\u00e9 je t\u0159eba plnit.<\/li>\n<li>Spolupracovat p\u0159i prov\u00e1d\u011bn\u00ed duchovn\u00edch obnov, p\u0159i pl\u00e1nov\u00e1n\u00ed a organizov\u00e1n\u00ed bohoslu\u017eeb, p\u0159i vyd\u00e1v\u00e1n\u00ed farn\u00edch tiskovin, v p\u00e9\u010di o farn\u00ed knihovnu, v\u00fdv\u011bsku a dal\u0161\u00ed aktivity, kter\u00e9 k \u017eivotu farnosti pat\u0159\u00ed.<\/li>\n<\/ul>\n\t\t\t\t<\/div>\n\t\t\t<\/div>\n\t\t<\/div>\n\t\t\t<div class=\"sow-accordion-panel\n\t\t\t\t\t\"\n\t\t\t\tdata-anchor-id=\"ekonomicka-rada-farnosti\">\n\t\t\t\t\t<div class=\"sow-accordion-panel-header-container\" role=\"heading\" aria-level=\"2\">\n\t\t\t\t\t<div class=\"sow-accordion-panel-header\" tabindex=\"0\" role=\"button\" id=\"accordion-label-ekonomick%c3%a1-rada-farnosti\" aria-controls=\"accordion-content-ekonomick%c3%a1-rada-farnosti\" aria-expanded=\"false\">\n\t\t\t\t\t\t<div class=\"sow-accordion-title sow-accordion-title-icon-left\">\n\t\t\t\t\t\t\t\t\t\t\t\t\t\tEKONOMICK\u00c1 RADA FARNOSTI\t\t\t\t\t\t\t\t\t\t\t\t\t<\/div>\n\t\t\t\t\t\t<div class=\"sow-accordion-open-close-button\">\n\t\t\t\t\t\t\t<div class=\"sow-accordion-open-button\">\n\t\t\t\t\t\t\t\t<span class=\"sow-icon-ionicons\" data-sow-icon=\"&#xf218;\"\n\t\t \n\t\taria-hidden=\"true\"><\/span>\t\t\t\t\t\t\t<\/div>\n\t\t\t\t\t\t\t<div class=\"sow-accordion-close-button\">\n\t\t\t\t\t\t\t\t<span class=\"sow-icon-ionicons\" data-sow-icon=\"&#xf209;\"\n\t\t \n\t\taria-hidden=\"true\"><\/span>\t\t\t\t\t\t\t<\/div>\n\t\t\t\t\t\t<\/div>\n\t\t\t\t\t<\/div>\n\t\t\t\t<\/div>\n\n\t\t\t<div\n\t\t\t\tclass=\"sow-accordion-panel-content\"\n\t\t\t\trole=\"region\"\n\t\t\t\taria-labelledby=\"accordion-label-ekonomick%c3%a1-rada-farnosti\"\n\t\t\t\tid=\"accordion-content-ekonomick%c3%a1-rada-farnosti\"\n\t\t\t\tstyle=\"display: none;\"\t\t\t>\n\t\t\t\t<div class=\"sow-accordion-panel-border\">\n\t\t\t\t\t<p>Ekonomick\u00e1 rada farnosti vypl\u00fdv\u00e1 z Kodexu kanonick\u00e9ho pr\u00e1va a slou\u017e\u00ed ke spr\u00e1v\u011b majetku a hospoda\u0159en\u00ed farnosti. V sou\u010dasn\u00e9 dob\u011b ji tvo\u0159\u00ed: Mgr. Petr Ko\u0161uli\u010d, Ing. Bohum\u00edr Handlar, Ing. Petr Vymazal, Ing. Magdal\u00e9na Dvo\u0159\u00e1\u010dkov\u00e1<\/p>\n\t\t\t\t<\/div>\n\t\t\t<\/div>\n\t\t<\/div>\n\t\t\t<div class=\"sow-accordion-panel\n\t\t\t\t\t\"\n\t\t\t\tdata-anchor-id=\"spolco\">\n\t\t\t\t\t<div class=\"sow-accordion-panel-header-container\" role=\"heading\" aria-level=\"2\">\n\t\t\t\t\t<div class=\"sow-accordion-panel-header\" tabindex=\"0\" role=\"button\" id=\"accordion-label-spol%c4%8do\" aria-controls=\"accordion-content-spol%c4%8do\" aria-expanded=\"false\">\n\t\t\t\t\t\t<div class=\"sow-accordion-title sow-accordion-title-icon-left\">\n\t\t\t\t\t\t\t\t\t\t\t\t\t\tSPOL\u010cO\t\t\t\t\t\t\t\t\t\t\t\t\t<\/div>\n\t\t\t\t\t\t<div class=\"sow-accordion-open-close-button\">\n\t\t\t\t\t\t\t<div class=\"sow-accordion-open-button\">\n\t\t\t\t\t\t\t\t<span class=\"sow-icon-ionicons\" data-sow-icon=\"&#xf218;\"\n\t\t \n\t\taria-hidden=\"true\"><\/span>\t\t\t\t\t\t\t<\/div>\n\t\t\t\t\t\t\t<div class=\"sow-accordion-close-button\">\n\t\t\t\t\t\t\t\t<span class=\"sow-icon-ionicons\" data-sow-icon=\"&#xf209;\"\n\t\t \n\t\taria-hidden=\"true\"><\/span>\t\t\t\t\t\t\t<\/div>\n\t\t\t\t\t\t<\/div>\n\t\t\t\t\t<\/div>\n\t\t\t\t<\/div>\n\n\t\t\t<div\n\t\t\t\tclass=\"sow-accordion-panel-content\"\n\t\t\t\trole=\"region\"\n\t\t\t\taria-labelledby=\"accordion-label-spol%c4%8do\"\n\t\t\t\tid=\"accordion-content-spol%c4%8do\"\n\t\t\t\tstyle=\"display: none;\"\t\t\t>\n\t\t\t\t<div class=\"sow-accordion-panel-border\">\n\t\t\t\t\t<p><span style=\"font-weight: 400;\">Sejdou se takhle medik, politolog, fyzik, program\u00e1tor, biolog a far\u00e1\u0159\u2026 Mohl by to b\u00fdt za\u010d\u00e1tek vtipu, ale nen\u00ed. Takto n\u011bjak vzniklo \u201espol\u010do\u201c v t\u00e9to farnosti. P\u0159edpokl\u00e1d\u00e1m, \u017ee v\u011bt\u0161ina z n\u00e1s v\u00ed, co je to \u201espol\u010do\u201c, ale pro p\u0159ehled \u2013 mlad\u00ed lid\u00e9 ve v\u011bku 20-25 let (plus m\u00ednus :)) se pravideln\u011b setk\u00e1vaj\u00ed a spole\u010dn\u011b s kn\u011bzem prob\u00edraj\u00ed rozmanit\u00e1 t\u00e9mata t\u00fdkaj\u00edc\u00ed se v\u00edry a duchovn\u00edho \u017eivota. K \u010demu slou\u017e\u00ed modlitba? Co jsou to charismata Ducha Svat\u00e9ho a jak je v sob\u011b objev\u00edm? Jak \u010d\u00edst Bibli? Kter\u00e9 dal\u0161\u00ed c\u00edrkve v na\u0161\u00ed republice p\u016fsob\u00ed a co p\u0159esn\u011b u\u010d\u00ed? Vn\u00edm\u00e1m, \u017ee B\u016fh p\u016fsob\u00ed v m\u00e9m osobn\u00edm \u017eivot\u011b? M\u016f\u017ee fyzika dok\u00e1zat (ne)existenci Boha? Jak definuji z\u00e1zrak? A mnoho dal\u0161\u00edho. Vedlej\u0161\u00edm, av\u0161ak nem\u00e9n\u011b p\u0159\u00ednosn\u00fdm produktem t\u011bchto setk\u00e1n\u00ed je pak spousta sm\u00edchu, zp\u00edv\u00e1n\u00ed s kytarou, sem tam i n\u011bco dobr\u00e9ho k j\u00eddlu \u010di k pit\u00ed\u2026 a pochopiteln\u011b p\u0159\u00e1telsk\u00fd kolektiv, jak jinak. \ud83d\ude42<\/span><\/p>\n<p><span style=\"font-weight: 400;\">\u201eSpol\u010do\u201c zkr\u00e1tka poskytuje p\u0159\u00edle\u017eitost hledat a snad i nal\u00e9zat odpov\u011bdi na pal\u010div\u00e9 i (mo\u017en\u00e1 jen zd\u00e1nliv\u011b) ban\u00e1ln\u00ed ot\u00e1zky, ukotvit svou v\u00edru a podporovat v n\u00ed ostatn\u00ed, t\u0159\u00edbit si n\u00e1zory a utv\u00e1\u0159et pohled na sv\u011bt; s otev\u0159en\u00fdm srdcem nahl\u00ed\u017eet na kr\u00e1sy i t\u011b\u017ekosti rozmanit\u00fdch duchovn\u00edch cest druh\u00fdch lid\u00ed i sv\u00fdch vlastn\u00edch.<\/span><\/p>\n<p><span style=\"font-weight: 400;\">Pozn\u00e1mka na z\u00e1v\u011br: Pokud je ti cca 20-25 let a tento text v Tob\u011b probudil alespo\u0148 zv\u011bdavost, jsi v\u00edt\u00e1n na kter\u00e9mkoliv p\u0159\u00ed\u0161t\u00edm setk\u00e1n\u00ed. \u00da\u010dast je zcela nez\u00e1vazn\u00e1 a dobrovoln\u00e1. <\/span><\/p>\n<p><span style=\"font-weight: 400;\">Term\u00edny setk\u00e1n\u00ed:<\/span><\/p>\n\t\t\t\t<\/div>\n\t\t\t<\/div>\n\t\t<\/div>\n\t\t\t<div class=\"sow-accordion-panel\n\t\t\t\t\t\"\n\t\t\t\tdata-anchor-id=\"klub-deti-a-maminek\">\n\t\t\t\t\t<div class=\"sow-accordion-panel-header-container\" role=\"heading\" aria-level=\"2\">\n\t\t\t\t\t<div class=\"sow-accordion-panel-header\" tabindex=\"0\" role=\"button\" id=\"accordion-label-klub-d%c4%9bt%c3%ad-a-maminek\" aria-controls=\"accordion-content-klub-d%c4%9bt%c3%ad-a-maminek\" aria-expanded=\"false\">\n\t\t\t\t\t\t<div class=\"sow-accordion-title sow-accordion-title-icon-left\">\n\t\t\t\t\t\t\t\t\t\t\t\t\t\tKLUB D\u011aT\u00cd A MAMINEK\t\t\t\t\t\t\t\t\t\t\t\t\t<\/div>\n\t\t\t\t\t\t<div class=\"sow-accordion-open-close-button\">\n\t\t\t\t\t\t\t<div class=\"sow-accordion-open-button\">\n\t\t\t\t\t\t\t\t<span class=\"sow-icon-ionicons\" data-sow-icon=\"&#xf218;\"\n\t\t \n\t\taria-hidden=\"true\"><\/span>\t\t\t\t\t\t\t<\/div>\n\t\t\t\t\t\t\t<div class=\"sow-accordion-close-button\">\n\t\t\t\t\t\t\t\t<span class=\"sow-icon-ionicons\" data-sow-icon=\"&#xf209;\"\n\t\t \n\t\taria-hidden=\"true\"><\/span>\t\t\t\t\t\t\t<\/div>\n\t\t\t\t\t\t<\/div>\n\t\t\t\t\t<\/div>\n\t\t\t\t<\/div>\n\n\t\t\t<div\n\t\t\t\tclass=\"sow-accordion-panel-content\"\n\t\t\t\trole=\"region\"\n\t\t\t\taria-labelledby=\"accordion-label-klub-d%c4%9bt%c3%ad-a-maminek\"\n\t\t\t\tid=\"accordion-content-klub-d%c4%9bt%c3%ad-a-maminek\"\n\t\t\t\tstyle=\"display: none;\"\t\t\t>\n\t\t\t\t<div class=\"sow-accordion-panel-border\">\n\t\t\t\t\t<p>Maminky s d\u011btmi se sch\u00e1z\u00ed ka\u017edou st\u0159edu dopoledne ve farn\u00ed u\u010debn\u011b. Program je rozmanit\u00fd a je otev\u0159en ka\u017ed\u00e9mu. P\u0159ed dobou adventn\u00ed a velikono\u010dn\u00ed se spole\u010dn\u011b pod\u00edl\u00edme na p\u0159\u00edprav\u011b benefi\u010dn\u00edch jarmark\u016f.<\/p>\n<p><a href=\"https:\/\/www.farnostliskovec.cz\/wp-content\/uploads\/2022\/10\/SKMBT_C454_22100818581_0001.jpg\">Plak\u00e1t s programem<\/a><\/p>\n\t\t\t\t<\/div>\n\t\t\t<\/div>\n\t\t<\/div>\n\t\t\t<div class=\"sow-accordion-panel\n\t\t\t\t\t\"\n\t\t\t\tdata-anchor-id=\"klub-aktivnich-senioru\">\n\t\t\t\t\t<div class=\"sow-accordion-panel-header-container\" role=\"heading\" aria-level=\"2\">\n\t\t\t\t\t<div class=\"sow-accordion-panel-header\" tabindex=\"0\" role=\"button\" id=\"accordion-label-klub-aktivn%c3%adch-senior%c5%af\" aria-controls=\"accordion-content-klub-aktivn%c3%adch-senior%c5%af\" aria-expanded=\"false\">\n\t\t\t\t\t\t<div class=\"sow-accordion-title sow-accordion-title-icon-left\">\n\t\t\t\t\t\t\t\t\t\t\t\t\t\tKLUB AKTIVN\u00cdCH SENIOR\u016e\t\t\t\t\t\t\t\t\t\t\t\t\t<\/div>\n\t\t\t\t\t\t<div class=\"sow-accordion-open-close-button\">\n\t\t\t\t\t\t\t<div class=\"sow-accordion-open-button\">\n\t\t\t\t\t\t\t\t<span class=\"sow-icon-ionicons\" data-sow-icon=\"&#xf218;\"\n\t\t \n\t\taria-hidden=\"true\"><\/span>\t\t\t\t\t\t\t<\/div>\n\t\t\t\t\t\t\t<div class=\"sow-accordion-close-button\">\n\t\t\t\t\t\t\t\t<span class=\"sow-icon-ionicons\" data-sow-icon=\"&#xf209;\"\n\t\t \n\t\taria-hidden=\"true\"><\/span>\t\t\t\t\t\t\t<\/div>\n\t\t\t\t\t\t<\/div>\n\t\t\t\t\t<\/div>\n\t\t\t\t<\/div>\n\n\t\t\t<div\n\t\t\t\tclass=\"sow-accordion-panel-content\"\n\t\t\t\trole=\"region\"\n\t\t\t\taria-labelledby=\"accordion-label-klub-aktivn%c3%adch-senior%c5%af\"\n\t\t\t\tid=\"accordion-content-klub-aktivn%c3%adch-senior%c5%af\"\n\t\t\t\tstyle=\"display: none;\"\t\t\t>\n\t\t\t\t<div class=\"sow-accordion-panel-border\">\n\t\t\t\t\t<p>Seniorky a senio\u0159i se sch\u00e1z\u00ed ka\u017ed\u00fd \u010dtvrtek dopoledne ve farn\u00edch u\u010debn\u00e1ch nebo jezd\u00ed obdivovat kr\u00e1sy bl\u00edzk\u00e9ho i vzd\u00e1len\u00e9ho okol\u00ed. Na programu b\u00fdv\u00e1 posezen\u00ed p\u0159i k\u00e1v\u011b, aran\u017em\u00e1 kv\u011btinov\u00fdch vazeb, tvo\u0159iv\u00e9 d\u00edlny (keramika, malov\u00e1n\u00ed na hedv\u00e1b\u00ed), p\u0159edn\u00e1\u0161ky duchovn\u00ed, odborn\u00e9 (zdravotn\u00ed, zdrav\u00e1 v\u00fd\u017eiva, nov\u00e9 knihy, kosmetick\u00e9), burza recept\u016f &#8211; studen\u00e1 kuchyn\u011b, z\u00e1kusky, ochutn\u00e1vka v\u00e1no\u010dn\u00edho a velikono\u010dn\u00edho cukrov\u00ed, oslavy narozenin, vych\u00e1zky do okol\u00ed Brna, v\u00fdlety autobusem na poutn\u00ed m\u00edsta, term\u00e1ln\u00ed l\u00e1zn\u011b\u2026 atd.<\/p>\n<p><a href=\"https:\/\/www.farnostliskovec.cz\/?page_id=2092\">Program<\/a><\/p>\n\t\t\t\t<\/div>\n\t\t\t<\/div>\n\t\t<\/div>\n\t\t\t<div class=\"sow-accordion-panel\n\t\t\t\t\t\"\n\t\t\t\tdata-anchor-id=\"farni-kavarna\">\n\t\t\t\t\t<div class=\"sow-accordion-panel-header-container\" role=\"heading\" aria-level=\"2\">\n\t\t\t\t\t<div class=\"sow-accordion-panel-header\" tabindex=\"0\" role=\"button\" id=\"accordion-label-farn%c3%ad-kav%c3%a1rna\" aria-controls=\"accordion-content-farn%c3%ad-kav%c3%a1rna\" aria-expanded=\"false\">\n\t\t\t\t\t\t<div class=\"sow-accordion-title sow-accordion-title-icon-left\">\n\t\t\t\t\t\t\t\t\t\t\t\t\t\tFARN\u00cd KAV\u00c1RNA\t\t\t\t\t\t\t\t\t\t\t\t\t<\/div>\n\t\t\t\t\t\t<div class=\"sow-accordion-open-close-button\">\n\t\t\t\t\t\t\t<div class=\"sow-accordion-open-button\">\n\t\t\t\t\t\t\t\t<span class=\"sow-icon-ionicons\" data-sow-icon=\"&#xf218;\"\n\t\t \n\t\taria-hidden=\"true\"><\/span>\t\t\t\t\t\t\t<\/div>\n\t\t\t\t\t\t\t<div class=\"sow-accordion-close-button\">\n\t\t\t\t\t\t\t\t<span class=\"sow-icon-ionicons\" data-sow-icon=\"&#xf209;\"\n\t\t \n\t\taria-hidden=\"true\"><\/span>\t\t\t\t\t\t\t<\/div>\n\t\t\t\t\t\t<\/div>\n\t\t\t\t\t<\/div>\n\t\t\t\t<\/div>\n\n\t\t\t<div\n\t\t\t\tclass=\"sow-accordion-panel-content\"\n\t\t\t\trole=\"region\"\n\t\t\t\taria-labelledby=\"accordion-label-farn%c3%ad-kav%c3%a1rna\"\n\t\t\t\tid=\"accordion-content-farn%c3%ad-kav%c3%a1rna\"\n\t\t\t\tstyle=\"display: none;\"\t\t\t>\n\t\t\t\t<div class=\"sow-accordion-panel-border\">\n\t\t\t\t\t<p>Po ned\u011bln\u00edch m\u0161\u00edch svat\u00fdch je mo\u017enost se na fa\u0159e sej\u00edt a vytv\u00e1\u0159et spole\u010denstv\u00ed p\u0159i dobr\u00e9 k\u00e1v\u011b, \u010daji, p\u0159\u00edpadn\u011b u dal\u0161\u00edho ob\u010derstven\u00ed, kter\u00e9 m\u016f\u017eete do kav\u00e1rny p\u0159in\u00e9st. V\u0161ichni jste srde\u010dn\u011b zv\u00e1ni.<\/p>\n\t\t\t\t<\/div>\n\t\t\t<\/div>\n\t\t<\/div>\n\t\t\t<div class=\"sow-accordion-panel\n\t\t\t\t\t\"\n\t\t\t\tdata-anchor-id=\"farni-knihovna\">\n\t\t\t\t\t<div class=\"sow-accordion-panel-header-container\" role=\"heading\" aria-level=\"2\">\n\t\t\t\t\t<div class=\"sow-accordion-panel-header\" tabindex=\"0\" role=\"button\" id=\"accordion-label-farn%c3%ad-knihovna\" aria-controls=\"accordion-content-farn%c3%ad-knihovna\" aria-expanded=\"false\">\n\t\t\t\t\t\t<div class=\"sow-accordion-title sow-accordion-title-icon-left\">\n\t\t\t\t\t\t\t\t\t\t\t\t\t\tFARN\u00cd KNIHOVNA\t\t\t\t\t\t\t\t\t\t\t\t\t<\/div>\n\t\t\t\t\t\t<div class=\"sow-accordion-open-close-button\">\n\t\t\t\t\t\t\t<div class=\"sow-accordion-open-button\">\n\t\t\t\t\t\t\t\t<span class=\"sow-icon-ionicons\" data-sow-icon=\"&#xf218;\"\n\t\t \n\t\taria-hidden=\"true\"><\/span>\t\t\t\t\t\t\t<\/div>\n\t\t\t\t\t\t\t<div class=\"sow-accordion-close-button\">\n\t\t\t\t\t\t\t\t<span class=\"sow-icon-ionicons\" data-sow-icon=\"&#xf209;\"\n\t\t \n\t\taria-hidden=\"true\"><\/span>\t\t\t\t\t\t\t<\/div>\n\t\t\t\t\t\t<\/div>\n\t\t\t\t\t<\/div>\n\t\t\t\t<\/div>\n\n\t\t\t<div\n\t\t\t\tclass=\"sow-accordion-panel-content\"\n\t\t\t\trole=\"region\"\n\t\t\t\taria-labelledby=\"accordion-label-farn%c3%ad-knihovna\"\n\t\t\t\tid=\"accordion-content-farn%c3%ad-knihovna\"\n\t\t\t\tstyle=\"display: none;\"\t\t\t>\n\t\t\t\t<div class=\"sow-accordion-panel-border\">\n\t\t\t\t\t<p>Nach\u00e1z\u00ed se ve farn\u00edm s\u00e1lu a je mo\u017en\u00e9 si p\u016fj\u010dit knihy jak v dob\u011b kon\u00e1n\u00ed kav\u00e1rny, tak i dom\u016f.<\/p>\n\t\t\t\t<\/div>\n\t\t\t<\/div>\n\t\t<\/div>\n\t\t\t<div class=\"sow-accordion-panel\n\t\t\t\t\t\"\n\t\t\t\tdata-anchor-id=\"skautske-stredisko\">\n\t\t\t\t\t<div class=\"sow-accordion-panel-header-container\" role=\"heading\" aria-level=\"2\">\n\t\t\t\t\t<div class=\"sow-accordion-panel-header\" tabindex=\"0\" role=\"button\" id=\"accordion-label-skautsk%c3%a9-st%c5%99edisko\" aria-controls=\"accordion-content-skautsk%c3%a9-st%c5%99edisko\" aria-expanded=\"false\">\n\t\t\t\t\t\t<div class=\"sow-accordion-title sow-accordion-title-icon-left\">\n\t\t\t\t\t\t\t\t\t\t\t\t\t\tSKAUTSK\u00c9 ST\u0158EDISKO\t\t\t\t\t\t\t\t\t\t\t\t\t<\/div>\n\t\t\t\t\t\t<div class=\"sow-accordion-open-close-button\">\n\t\t\t\t\t\t\t<div class=\"sow-accordion-open-button\">\n\t\t\t\t\t\t\t\t<span class=\"sow-icon-ionicons\" data-sow-icon=\"&#xf218;\"\n\t\t \n\t\taria-hidden=\"true\"><\/span>\t\t\t\t\t\t\t<\/div>\n\t\t\t\t\t\t\t<div class=\"sow-accordion-close-button\">\n\t\t\t\t\t\t\t\t<span class=\"sow-icon-ionicons\" data-sow-icon=\"&#xf209;\"\n\t\t \n\t\taria-hidden=\"true\"><\/span>\t\t\t\t\t\t\t<\/div>\n\t\t\t\t\t\t<\/div>\n\t\t\t\t\t<\/div>\n\t\t\t\t<\/div>\n\n\t\t\t<div\n\t\t\t\tclass=\"sow-accordion-panel-content\"\n\t\t\t\trole=\"region\"\n\t\t\t\taria-labelledby=\"accordion-label-skautsk%c3%a9-st%c5%99edisko\"\n\t\t\t\tid=\"accordion-content-skautsk%c3%a9-st%c5%99edisko\"\n\t\t\t\tstyle=\"display: none;\"\t\t\t>\n\t\t\t\t<div class=\"sow-accordion-panel-border\">\n\t\t\t\t\t<p><a href=\"http:\/\/staryliskovec.skauting.cz\">http:\/\/staryliskovec.skauting.cz\u00a0<\/a><\/p>\n\t\t\t\t<\/div>\n\t\t\t<\/div>\n\t\t<\/div>\n\t\t\t<div class=\"sow-accordion-panel\n\t\t\t\t\t\"\n\t\t\t\tdata-anchor-id=\"orel-stary-liskovec\">\n\t\t\t\t\t<div class=\"sow-accordion-panel-header-container\" role=\"heading\" aria-level=\"2\">\n\t\t\t\t\t<div class=\"sow-accordion-panel-header\" tabindex=\"0\" role=\"button\" id=\"accordion-label-orel-star%c3%bd-l%c3%adskovec\" aria-controls=\"accordion-content-orel-star%c3%bd-l%c3%adskovec\" aria-expanded=\"false\">\n\t\t\t\t\t\t<div class=\"sow-accordion-title sow-accordion-title-icon-left\">\n\t\t\t\t\t\t\t\t\t\t\t\t\t\tOREL &#8211; STAR\u00dd L\u00cdSKOVEC\t\t\t\t\t\t\t\t\t\t\t\t\t<\/div>\n\t\t\t\t\t\t<div class=\"sow-accordion-open-close-button\">\n\t\t\t\t\t\t\t<div class=\"sow-accordion-open-button\">\n\t\t\t\t\t\t\t\t<span class=\"sow-icon-ionicons\" data-sow-icon=\"&#xf218;\"\n\t\t \n\t\taria-hidden=\"true\"><\/span>\t\t\t\t\t\t\t<\/div>\n\t\t\t\t\t\t\t<div class=\"sow-accordion-close-button\">\n\t\t\t\t\t\t\t\t<span class=\"sow-icon-ionicons\" data-sow-icon=\"&#xf209;\"\n\t\t \n\t\taria-hidden=\"true\"><\/span>\t\t\t\t\t\t\t<\/div>\n\t\t\t\t\t\t<\/div>\n\t\t\t\t\t<\/div>\n\t\t\t\t<\/div>\n\n\t\t\t<div\n\t\t\t\tclass=\"sow-accordion-panel-content\"\n\t\t\t\trole=\"region\"\n\t\t\t\taria-labelledby=\"accordion-label-orel-star%c3%bd-l%c3%adskovec\"\n\t\t\t\tid=\"accordion-content-orel-star%c3%bd-l%c3%adskovec\"\n\t\t\t\tstyle=\"display: none;\"\t\t\t>\n\t\t\t\t<div class=\"sow-accordion-panel-border\">\n\t\t\t\t\t<p><a href=\"http:\/\/orel-staryliskovec.cz\/\">http:\/\/orel-staryliskovec.cz\/<\/a><\/p>\n\t\t\t\t<\/div>\n\t\t\t<\/div>\n\t\t<\/div>\n\t\t\t<div class=\"sow-accordion-panel\n\t\t\t\t\t\"\n\t\t\t\tdata-anchor-id=\"fotogalerie\">\n\t\t\t\t\t<div class=\"sow-accordion-panel-header-container\" role=\"heading\" aria-level=\"2\">\n\t\t\t\t\t<div class=\"sow-accordion-panel-header\" tabindex=\"0\" role=\"button\" id=\"accordion-label-fotogalerie\" aria-controls=\"accordion-content-fotogalerie\" aria-expanded=\"false\">\n\t\t\t\t\t\t<div class=\"sow-accordion-title sow-accordion-title-icon-left\">\n\t\t\t\t\t\t\t\t\t\t\t\t\t\tFOTOGALERIE\t\t\t\t\t\t\t\t\t\t\t\t\t<\/div>\n\t\t\t\t\t\t<div class=\"sow-accordion-open-close-button\">\n\t\t\t\t\t\t\t<div class=\"sow-accordion-open-button\">\n\t\t\t\t\t\t\t\t<span class=\"sow-icon-ionicons\" data-sow-icon=\"&#xf218;\"\n\t\t \n\t\taria-hidden=\"true\"><\/span>\t\t\t\t\t\t\t<\/div>\n\t\t\t\t\t\t\t<div class=\"sow-accordion-close-button\">\n\t\t\t\t\t\t\t\t<span class=\"sow-icon-ionicons\" data-sow-icon=\"&#xf209;\"\n\t\t \n\t\taria-hidden=\"true\"><\/span>\t\t\t\t\t\t\t<\/div>\n\t\t\t\t\t\t<\/div>\n\t\t\t\t\t<\/div>\n\t\t\t\t<\/div>\n\n\t\t\t<div\n\t\t\t\tclass=\"sow-accordion-panel-content\"\n\t\t\t\trole=\"region\"\n\t\t\t\taria-labelledby=\"accordion-label-fotogalerie\"\n\t\t\t\tid=\"accordion-content-fotogalerie\"\n\t\t\t\tstyle=\"display: none;\"\t\t\t>\n\t\t\t\t<div class=\"sow-accordion-panel-border\">\n\t\t\t\t\t<p><a href=\"http:\/\/farnostliskovec.rajce.idnes.cz\/\">http:\/\/farnostliskovec.rajce.idnes.cz\/<\/a><\/p>\n\t\t\t\t<\/div>\n\t\t\t<\/div>\n\t\t<\/div>\n\t\t<\/div>\n<\/div>\n<\/div><\/div><\/div><\/div><\/div>\n\n\n<p><\/p>\n","protected":false},"excerpt":{"rendered":"","protected":false},"author":2,"featured_media":0,"parent":0,"menu_order":0,"comment_status":"closed","ping_status":"closed","template":"","meta":{"footnotes":""},"class_list":["post-1717","page","type-page","status-publish","hentry","no-thumb"],"_links":{"self":[{"href":"https:\/\/www.farnostliskovec.cz\/index.php?rest_route=\/wp\/v2\/pages\/1717","targetHints":{"allow":["GET"]}}],"collection":[{"href":"https:\/\/www.farnostliskovec.cz\/index.php?rest_route=\/wp\/v2\/pages"}],"about":[{"href":"https:\/\/www.farnostliskovec.cz\/index.php?rest_route=\/wp\/v2\/types\/page"}],"author":[{"embeddable":true,"href":"https:\/\/www.farnostliskovec.cz\/index.php?rest_route=\/wp\/v2\/users\/2"}],"replies":[{"embeddable":true,"href":"https:\/\/www.farnostliskovec.cz\/index.php?rest_route=%2Fwp%2Fv2%2Fcomments&post=1717"}],"version-history":[{"count":22,"href":"https:\/\/www.farnostliskovec.cz\/index.php?rest_route=\/wp\/v2\/pages\/1717\/revisions"}],"predecessor-version":[{"id":4585,"href":"https:\/\/www.farnostliskovec.cz\/index.php?rest_route=\/wp\/v2\/pages\/1717\/revisions\/4585"}],"wp:attachment":[{"href":"https:\/\/www.farnostliskovec.cz\/index.php?rest_route=%2Fwp%2Fv2%2Fmedia&parent=1717"}],"curies":[{"name":"wp","href":"https:\/\/api.w.org\/{rel}","templated":true}]}}